{"id":42,"date":"2010-05-14T21:34:26","date_gmt":"2010-05-14T18:34:26","guid":{"rendered":"http:\/\/www.selcukpehlivanoglu.com\/?page_id=42"},"modified":"2016-07-22T13:32:09","modified_gmt":"2016-07-22T10:32:09","slug":"iletisim-2","status":"publish","type":"page","link":"https:\/\/www.selcukpehlivanoglu.com\/?page_id=42","title":{"rendered":"\u0130LET\u0130\u015e\u0130M"},"content":{"rendered":"<p><strong>T\u00fcrk E\u011fitim Derne\u011fi<\/strong><br \/>\nTED \u00dcniversitesi Yerle\u015fkesi, Ziya G\u00f6kalp caddesi No:47 H Blok Kolej Ankara<br \/>\n<strong>Telefon: <\/strong>(+90 312) 418 06 14, 417 42 02<br \/>\n<strong>Fax:<\/strong> (+90 312) 417 53 65<br \/>\n<strong>E-Posta: <\/strong><a href=\"mailto:info@pehlivanoglu.gen.tr\">info@pehlivanoglu.gen.tr<\/a><\/p>\n","protected":false},"excerpt":{"rendered":"<p>T\u00fcrk E\u011fitim Derne\u011fi TED \u00dcniversitesi Yerle\u015fkesi, Ziya G\u00f6kalp caddesi No:47 H Blok Kolej Ankara Telefon: (+90 312) 418 06 14, 417 42 02 Fax: (+90 312) 417 53 65 E-Posta: info@pehlivanoglu.gen.tr<\/p>\n","protected":false},"author":1,"featured_media":0,"parent":0,"menu_order":0,"comment_status":"closed","ping_status":"closed","template":"","meta":{"footnotes":""},"class_list":["post-42","page","type-page","status-publish","hentry"],"_links":{"self":[{"href":"https:\/\/www.selcukpehlivanoglu.com\/index.php?rest_route=\/wp\/v2\/pages\/42","targetHints":{"allow":["GET"]}}],"collection":[{"href":"https:\/\/www.selcukpehlivanoglu.com\/index.php?rest_route=\/wp\/v2\/pages"}],"about":[{"href":"https:\/\/www.selcukpehlivanoglu.com\/index.php?rest_route=\/wp\/v2\/types\/page"}],"author":[{"embeddable":true,"href":"https:\/\/www.selcukpehlivanoglu.com\/index.php?rest_route=\/wp\/v2\/users\/1"}],"replies":[{"embeddable":true,"href":"https:\/\/www.selcukpehlivanoglu.com\/index.php?rest_route=%2Fwp%2Fv2%2Fcomments&post=42"}],"version-history":[{"count":2,"href":"https:\/\/www.selcukpehlivanoglu.com\/index.php?rest_route=\/wp\/v2\/pages\/42\/revisions"}],"predecessor-version":[{"id":2577,"href":"https:\/\/www.selcukpehlivanoglu.com\/index.php?rest_route=\/wp\/v2\/pages\/42\/revisions\/2577"}],"wp:attachment":[{"href":"https:\/\/www.selcukpehlivanoglu.com\/index.php?rest_route=%2Fwp%2Fv2%2Fmedia&parent=42"}],"curies":[{"name":"wp","href":"https:\/\/api.w.org\/{rel}","templated":true}]}}